 Suppose 0 = 2*r - 3*k - 22 - 15, r = k + g. What is the tens digit of r?
2
Suppose -3044 = -28*l + 27*l. What is the hundreds digit of l?
0
Let d(w) = w**3 + 17*w**2 + 5. Let b be d(-17). Suppose -3*c + 3*y = -27, 2*y + 38 = b*c + 4*y. What is the units digit of c?
8
Let w = -692 - -832. What is the units digit of w?
0
Let o(c) = 2*c**2 - 3*c - 5. What is the tens digit of o(6)?
4
Let a = 10 - 8. Suppose a*m = -n + 8, -3*n + 7 = 2*m - 13. What is the units digit of n?
6
Suppose n - x = x - 2, -3*n - 5*x = 28. Let k(o) = 3 - 5 - 2*o + o + 12. What is the tens digit of k(n)?
1
Suppose 510 + 562 = 3*a - 2*i, 0 = -a + 3*i + 348. Let o = a + -212. What is the tens digit of o?
4
Suppose -5*o = 5*f - 4250, -f = -o + 1 + 857. What is the tens digit of o?
5
Let g(u) = u**3 - 11*u**2 + 17*u - 6. Let n be g(8). Let w = n + 73. What is the units digit of w?
1
Let h(d) = -2*d + 14. Let j be h(9). What is the units digit of (-2)/(-2 + (-16)/j) + 3?
2
Suppose -2*u = 3*f + 41, -f - u - 14 = -0*f. Let h = f + 64. Suppose 0 = -9*a + 6*a + h. What is the tens digit of a?
1
Let y(w) = 10*w + 1. Let o be y(-1). Let j(v) be the first derivative of v**3/3 + 5*v**2/2 - 14*v + 30. What is the units digit of j(o)?
2
Let q be (-18)/(-42) - 1376/(-7). Suppose 7*m = 2*m - 3*g + q, -3*m + 107 = -g. What is the units digit of m?
7
Let g = 76 - 154. Let t = g - -120. What is the tens digit of t?
4
Let w = 8 - 3. Suppose w*v = -k + 110, 2*v = -k + 31 + 13. What is the units digit of v?
2
Let w(b) = 9 + 21*b + 7 - 13. What is the tens digit of w(2)?
4
Suppose -1555 = -3*z + 4*w, -4*z + 3*w + 1717 + 354 = 0. What is the units digit of z?
7
Let v = -12 - -6. Let f = v + 14. What is the units digit of f?
8
Suppose 2*l + l = 222. Let k = 132 + -107. Let b = l - k. What is the tens digit of b?
4
Let q(d) = d**2 + 17*d + 110. Let o be q(-16). Suppose 3*b - 15 = 0, 2*b = -7*n + 4*n + 841. Suppose 7*l = o + n. What is the tens digit of l?
5
Let t(l) = 7*l**2 - 10*l - 624. What is the tens digit of t(-25)?
0
Suppose 188 = 2*r + 2. Let t = -12 + r. Suppose 0 = -l + 5*p, -2*l + 7*l + 2*p - t = 0. What is the units digit of l?
5
Let d(v) be the second derivative of v**5/20 - v**4/3 - v**3/2 + 7*v**2/2 + 6*v. What is the tens digit of d(6)?
6
Let c(g) = 2*g**2 + 29*g - 5 - 34*g + 0*g**2. What is the tens digit of c(8)?
8
Let c be (-36)/(-6) + (-2)/(-2). Let i(z) = z**2 - 26*z + 56. Let y be i(24). Suppose 0 = c*j - y*j + 43. What is the units digit of j?
3
Let z = 1 + -1. Suppose -171*h + 26 = -158*h. Suppose h*l + 4*u - 36 - 26 = 0, z = 4*u - 12. What is the tens digit of l?
2
What is the units digit of (-10)/65 - (-36092)/26?
8
Let j(s) = 2*s - 19. Suppose 4*y - 14 = 3*k, -4 = -3*y + 2. Let g(w) = -2*w + 19. Let c(l) = k*j(l) - 3*g(l). What is the units digit of c(11)?
3
Let v be ((-3)/6 - 0)*-4. Let c be (v - 1)/(1/9). Suppose y - 3 = c. What is the tens digit of y?
1
Let h = -97 - -122. What is the units digit of 2270/h + 1/5?
1
What is the tens digit of 6/(-14) + (-37582)/(-602)?
6
Let o(x) = -x + 9. Let l be o(-5). Let r = -9 + l. Suppose n - 34 = 3*p, 3*n - r*n + 61 = p. What is the tens digit of n?
3
Let l(m) be the second derivative of -m**4/12 + 13*m**3/6 - 6*m**2 + 10*m. What is the units digit of l(8)?
8
Suppose 0 = -3*s + 2*s + 4. Suppose -169 = -s*t + 127. What is the tens digit of t?
7
Suppose -7*z + 531 = 2*z. Suppose 124 = 3*h - z. What is the tens digit of h?
6
What is the thousands digit of (5 + -5 + 52)*20?
1
Suppose 7*x + 3*z + 16 = 3*x, 0 = -5*x - 2*z - 13. Let g = x - 4. What is the units digit of g/((-10)/28) + -2?
2
What is the units digit of ((-26430)/20)/((-4)/8)?
3
Let p be -2*((-6)/(-4) - -1). Let v(r) = -r**3 - 2*r**2 + 9*r + 4. What is the tens digit of v(p)?
3
Let q(t) = 3*t**3 - t**2 - 6*t - 1. Let o(i) = -9 + 9 - i - 6. Let r be o(-9). What is the units digit of q(r)?
3
Let c = 278 - 26. Let a = c + -162. What is the tens digit of a?
9
Suppose -u + 5*u - 2238 = 2*c, -5*c = 25. What is the units digit of u?
7
Let l be (-1 - 1)/((-1)/1). Suppose -4*p - 5*t = -10, 5*t = l*p - 32 + 12. Suppose 3*y - p - 121 = 0. What is the units digit of y?
2
Let v = -709 - -1420. What is the units digit of v?
1
Let d = 448 - 265. What is the tens digit of d?
8
Let c be (0/(4/2))/(31 + -30). Suppose b - 441 = -4*h - c*h, 231 = 2*h - 3*b. What is the hundreds digit of h?
1
Let g be (-8 - 1)*2/(-6). Suppose -3*n + 5*q - 199 = -6*n, 169 = g*n - q. Suppose -3*c = -c - n. What is the units digit of c?
9
Suppose h - 1987 = -2*o, -3*h - 3 = -6. What is the units digit of o?
3
Let j(p) be the third derivative of -p**6/120 - p**5/30 + p**4/8 + 85*p**3/6 - 5*p**2. What is the tens digit of j(0)?
8
Suppose 28 = -h + 3*h. Let t be ((-8)/h)/((-2)/7). What is the units digit of ((-1)/(-3))/(t/30)?
5
Let l(j) = 30*j**2 + 22*j + 14. What is the tens digit of l(-6)?
6
Let l(u) = -101*u - 32. What is the units digit of l(-9)?
7
What is the units digit of 5/(-55) - 28932/(-22)?
5
What is the thousands digit of -1*3/3*(-53 + -3917)?
3
Let y(c) = c**2 + 4*c - 25. Let f be y(-13). Suppose -217 = -3*z + f. What is the tens digit of z?
0
Suppose n = 5*w - 1491, 5*w - 709 = -n + 780. Suppose -6*x + 272 = -w. What is the tens digit of x?
9
Suppose 84 = 5*q - 16. What is the tens digit of (64/q)/((-6)/(-45))?
2
Let v = -88 - -91. Suppose g + 5*a = 340, 0 = -5*g + 4*g - v*a + 336. What is the hundreds digit of g?
3
Suppose 5*w - 5*c = -925, 4*w = 2*c - 71 - 667. What is the units digit of ((160 - -1) + -1)*w/(-230)?
8
Let o(g) = g + 5. Let u be (-150)/(-18) + (-1)/3. Suppose u = 6*t - 8*t. What is the units digit of o(t)?
1
Let w(s) = 11*s**2 - 2*s - 7. Let g be w(-4). Suppose -3*k + 707 = -4*a, -k + 47 + g = a. What is the hundreds digit of k?
2
What is the units digit of (4/(-8))/((-1)/3246)?
3
Let n(o) be the third derivative of o**5/6 - o**4/8 + o**3/3 + 28*o**2. What is the hundreds digit of n(-3)?
1
Let n(l) = 6*l**2 - 22*l - 61. What is the tens digit of n(14)?
0
Let s be (-12)/8*4/3. Let j be (s - -3)*(9 - 7). Suppose -d = 5*c - 3*d - 143, 31 = c + j*d. What is the units digit of c?
9
Let g(y) = -y**2 - 5*y - 2. Let j be g(-2). Let o be j/(-24) - (-314)/12. Let k = -3 + o. What is the tens digit of k?
2
Let j = -2 - 10. Let u = -8 - j. Suppose -u*a = 1 - 89. What is the tens digit of a?
2
Let u(v) = v**3 + 10*v**2 + 14*v + 13. Let q be u(-7). Suppose 4*n = -3*h + 248, 0*n + n + h = q. What is the tens digit of n?
6
Suppose 206 = 4*m - 74. Suppose -105 = -7*c + m. What is the units digit of c?
5
Suppose c - 75 = -2*m, -c - 3*m = -2*m - 71. Let s = c + -29. What is the units digit of s?
8
Let k be -2 + 4 + 4/1. Suppose 8*y = 6*y + k. Let x(j) = j. What is the units digit of x(y)?
3
Suppose 3*u = -2*x + 72 - 13, 4*u + x = 77. Let i = -16 + u. What is the tens digit of (i/(-2))/((-15)/340)?
3
Suppose 5*x - 840 = -5*i, 6*i + 4*x - 501 = 3*i. Suppose -i = -7*p + 158. What is the units digit of p?
7
Suppose -h + 2*c = -2*h + 10, -3*h = -5*c + 14. Let u(s) = -6*s + 3. Let f be u(h). Let b = 12 + f. What is the units digit of b?
3
Suppose 0 = 2*d - 0*d + 2*j + 184, 2*d - j = -187. Let k = 113 + d. What is the units digit of k?
0
Suppose 0 = 4*y - 3*c - 65, 3*c = -0*c - 9. Let m(s) = 11 + 4 + 23*s - y. What is the units digit of m(1)?
4
Let a(f) = -f**3 + 22*f**2 - 17*f + 19. What is the thousands digit of a(14)?
1
Suppose 5*o + 785 = 4*g, 0 = 3*g - 7*g - 2*o + 778. Let p = g + -115. What is the tens digit of p?
8
Let z be (24/10)/(4/(-70)). Let g = 116 + z. What is the tens digit of g?
7
Suppose -3 - 5 = -2*o. Suppose -3*g = -7*g + o*q + 120, 0 = 3*q + 12. What is the tens digit of g/(4 + -3) - -1?
2
Let r(o) = 2*o**2 - 11*o + 3. Let d be r(-14). Suppose 6*i - d - 807 = 0. What is the tens digit of i?
2
Suppose -m - 20 = -31. Suppose 3*j - m = 52. What is the tens digit of j?
2
Let u(z) = -3*z**2 + 31*z + 11. Let i(g) = -g**2 + 10*g + 4. Let r(c) = -8*i(c) + 3*u(c). Let d be r(11). Suppose 4*l - d - 77 = 0. What is the tens digit of l?
2
Suppose 5*w - 345 = -5*k, k - 5*w - 305 = -4*k. Let n(z) = z**3 + 5*z**2 + z - 3. Let g be n(-6). Let c = g + k. What is the units digit of c?
0
Let d(w) = w**3 - 14*w**2 - 5*w + 18. Let p be d(14). What is the units digit of 3*17 + -2 + p/(-13)?
3
Let z = -4277 + 